{"id":242,"date":"2025-10-23T16:05:56","date_gmt":"2025-10-23T13:05:56","guid":{"rendered":"https:\/\/dnrtekstil.com.tr\/?post_type=product&#038;p=242"},"modified":"2025-10-30T13:07:15","modified_gmt":"2025-10-30T10:07:15","slug":"nevresim-takimi-kopya-3","status":"publish","type":"product","link":"https:\/\/dnrtekstil.com.tr\/index.php\/product\/nevresim-takimi-kopya-3\/","title":{"rendered":"Nevresim Tak\u0131m\u0131"},"content":{"rendered":"<p>Y\u00fcksek kaliteli malzemesi ve fonksiyonel tasar\u0131m\u0131yla \u00f6ne \u00e7\u0131kan bu nevresim tak\u0131m\u0131, hem <b>tek ki\u015filik<\/b> hem de <b>\u00e7ift ki\u015filik<\/b> yataklar i\u00e7in \u00fcst\u00fcn bir uyku deneyimi sunar.<\/p>\n<ul>\n<li><b>Alt K\u0131s\u0131m: %100 Pamuklu K\u0131\u015f Konforu:<\/b> Nevresimin yata\u011fa temas eden alt y\u00fczeyi, tamamen do\u011fal ve nefes alabilen pamuk kuma\u015ftan \u00fcretilmi\u015ftir. Pamu\u011fun bilinen en \u00f6nemli \u00f6zelli\u011fi olan <b>s\u0131cak tutma kapasitesi<\/b> sayesinde, so\u011fuk k\u0131\u015f gecelerinde ekstra konfor ve yumu\u015fakl\u0131k sa\u011flar. Terletme yapmayan bu yap\u0131, d\u00f6rt mevsim ideal nem dengesini korur.<\/li>\n<li><b>\u00dcst K\u0131s\u0131m: Kalite ve Estetik Birle\u015fimi:<\/b> \u00dcr\u00fcn\u00fcn \u00fcst y\u00fczeyinde, yatak odas\u0131 dekorasyonunuza modern bir hava katacak g\u00f6z al\u0131c\u0131 desenler bulunur. Bu k\u0131s\u0131mda kullan\u0131lan <b>kaliteli kuma\u015f<\/b>, hem desenlerin canl\u0131l\u0131\u011f\u0131n\u0131 uzun s\u00fcre korur hem de genel dayan\u0131kl\u0131l\u0131\u011f\u0131 art\u0131rarak uzun \u00f6m\u00fcrl\u00fc kullan\u0131m imkan\u0131 sunar.<\/li>\n<li><b>Maksimum Dayan\u0131kl\u0131l\u0131k:<\/b> Y\u00fcksek standartlarda \u00fcretilen bu kuma\u015f, s\u0131k y\u0131kamaya ve g\u00fcnl\u00fck kullan\u0131ma kar\u015f\u0131 diren\u00e7lidir. Formunu ve renklerini uzun y\u0131llar koruyarak yat\u0131r\u0131m\u0131n\u0131z\u0131n kar\u015f\u0131l\u0131\u011f\u0131n\u0131 verir.<\/li>\n<li><b>Kullan\u0131m Kolayl\u0131\u011f\u0131:<\/b> Makinede y\u0131kanabilir pratik yap\u0131s\u0131yla bak\u0131m\u0131 kolayd\u0131r.<\/li>\n<\/ul>\n<p><b>Tek ki\u015filik<\/b> veya <b>\u00e7ift ki\u015filik<\/b> se\u00e7enekleriyle sunulan bu \u00f6zel nevresim tak\u0131m\u0131, \u015f\u0131kl\u0131\u011f\u0131 ve sa\u011fl\u0131kl\u0131 bir uyku konforunu bir arada arayanlar i\u00e7in m\u00fckemmel bir tercihtir.<\/p>\n","protected":false},"excerpt":{"rendered":"<p>Y\u00fcksek kaliteli malzemesi ve fonksiyonel tasar\u0131m\u0131yla \u00f6ne \u00e7\u0131kan bu nevresim tak\u0131m\u0131, hem tek ki\u015filik hem de \u00e7ift ki\u015filik yataklar i\u00e7in \u00fcst\u00fcn bir uyku deneyimi sunar. Alt K\u0131s\u0131m: %100 Pamuklu K\u0131\u015f Konforu: Nevresimin yata\u011fa temas eden alt y\u00fczeyi, tamamen do\u011fal ve nefes alabilen pamuk kuma\u015ftan \u00fcretilmi\u015ftir. Pamu\u011fun bilinen en \u00f6nemli \u00f6zelli\u011fi olan s\u0131cak tutma kapasitesi sayesinde, [&#8230;]\n","protected":false},"featured_media":212,"comment_status":"open","ping_status":"closed","template":"","meta":[],"product_brand":[],"product_cat":[46],"product_tag":[],"class_list":{"0":"post-242","1":"product","2":"type-product","3":"status-publish","4":"has-post-thumbnail","6":"product_cat-nevresim-takimi","8":"first","9":"instock","10":"sale","11":"shipping-taxable","12":"purchasable","13":"product-type-variable"},"_links":{"self":[{"href":"https:\/\/dnrtekstil.com.tr\/index.php\/wp-json\/wp\/v2\/product\/242","targetHints":{"allow":["GET"]}}],"collection":[{"href":"https:\/\/dnrtekstil.com.tr\/index.php\/wp-json\/wp\/v2\/product"}],"about":[{"href":"https:\/\/dnrtekstil.com.tr\/index.php\/wp-json\/wp\/v2\/types\/product"}],"replies":[{"embeddable":true,"href":"https:\/\/dnrtekstil.com.tr\/index.php\/wp-json\/wp\/v2\/comments?post=242"}],"wp:featuredmedia":[{"embeddable":true,"href":"https:\/\/dnrtekstil.com.tr\/index.php\/wp-json\/wp\/v2\/media\/212"}],"wp:attachment":[{"href":"https:\/\/dnrtekstil.com.tr\/index.php\/wp-json\/wp\/v2\/media?parent=242"}],"wp:term":[{"taxonomy":"product_brand","embeddable":true,"href":"https:\/\/dnrtekstil.com.tr\/index.php\/wp-json\/wp\/v2\/product_brand?post=242"},{"taxonomy":"product_cat","embeddable":true,"href":"https:\/\/dnrtekstil.com.tr\/index.php\/wp-json\/wp\/v2\/product_cat?post=242"},{"taxonomy":"product_tag","embeddable":true,"href":"https:\/\/dnrtekstil.com.tr\/index.php\/wp-json\/wp\/v2\/product_tag?post=242"}],"curies":[{"name":"wp","href":"https:\/\/api.w.org\/{rel}","templated":true}]}}